{"id":1221,"date":"2025-08-18T09:47:44","date_gmt":"2025-08-18T12:47:44","guid":{"rendered":"https:\/\/poraidebarraca.com.br\/experience\/?post_type=product&#038;p=1221"},"modified":"2026-01-23T10:04:51","modified_gmt":"2026-01-23T13:04:51","slug":"barraca-05-pessoas","status":"publish","type":"product","link":"https:\/\/poraidebarraca.com.br\/experience\/produto\/barraca-05-pessoas\/","title":{"rendered":"Barraca para 05 pessoas"},"content":{"rendered":"<p>Nosso pacote inclui duas di\u00e1rias com pens\u00e3o completa. Entrada na sexta a partir das 16h e sa\u00edda domingo at\u00e9 as 15h.<br \/>\nEst\u00e1 tudo incluso, voc\u00eas s\u00f3 levam as roupas de cama e as bebidas!<\/p>\n","protected":false},"excerpt":{"rendered":"<p>Nosso pacote inclui duas di\u00e1rias com pens\u00e3o completa. Entrada na sexta a partir das 16h e sa\u00edda domingo at\u00e9 as 15h.<br \/>\nEst\u00e1 tudo incluso, voc\u00eas s\u00f3 levam as roupas de cama e as bebidas!<\/p>\n","protected":false},"featured_media":1222,"template":"","meta":{"_et_pb_use_builder":"","_et_pb_old_content":"","_et_gb_content_width":"","_joinchat":[]},"product_brand":[],"product_cat":[22],"product_tag":[],"class_list":{"0":"post-1221","1":"product","2":"type-product","3":"status-publish","4":"has-post-thumbnail","6":"product_cat-reservas","8":"first","9":"instock","10":"virtual","11":"sold-individually","12":"purchasable","13":"product-type-simple"},"_links":{"self":[{"href":"https:\/\/poraidebarraca.com.br\/experience\/wp-json\/wp\/v2\/product\/1221","targetHints":{"allow":["GET"]}}],"collection":[{"href":"https:\/\/poraidebarraca.com.br\/experience\/wp-json\/wp\/v2\/product"}],"about":[{"href":"https:\/\/poraidebarraca.com.br\/experience\/wp-json\/wp\/v2\/types\/product"}],"wp:featuredmedia":[{"embeddable":true,"href":"https:\/\/poraidebarraca.com.br\/experience\/wp-json\/wp\/v2\/media\/1222"}],"wp:attachment":[{"href":"https:\/\/poraidebarraca.com.br\/experience\/wp-json\/wp\/v2\/media?parent=1221"}],"wp:term":[{"taxonomy":"product_brand","embeddable":true,"href":"https:\/\/poraidebarraca.com.br\/experience\/wp-json\/wp\/v2\/product_brand?post=1221"},{"taxonomy":"product_cat","embeddable":true,"href":"https:\/\/poraidebarraca.com.br\/experience\/wp-json\/wp\/v2\/product_cat?post=1221"},{"taxonomy":"product_tag","embeddable":true,"href":"https:\/\/poraidebarraca.com.br\/experience\/wp-json\/wp\/v2\/product_tag?post=1221"}],"curies":[{"name":"wp","href":"https:\/\/api.w.org\/{rel}","templated":true}]}}